3*n - 4*s. Suppose n + 0 = 2*i. What are the prime factors of i?
3
Let c(g) = g**3 + 3*g**2 - 7*g + 4. Let r be c(4). Suppose -4*s = -0*s - r. List the prime factors of s.
2, 11
Let w(n) be the second derivative of -n**5/20 + n**4/6 + n**2 - 9*n. What are the prime factors of w(-2)?
2, 3
List the prime factors of 1 + (-132)/(-4) + 0 + 1.
5, 7
Let n = 19 - 7. List the prime factors of n/(-3*(-4)/6).
2, 3
Suppose -x + 2 + 1 = 0. Let i = x + -1. Let w = i - -10. What are the prime factors of w?
2, 3
Suppose 0 = -4*n + 4*y + 932, 7*n + 892 = 11*n + 4*y. What are the prime factors of n?
2, 3, 19
Let p(o) = -28*o - 2. What are the prime factors of p(-1)?
2, 13
Suppose 3*u = -2*r - 20, -3*u + 7*u - 2*r + 50 = 0. Suppose 0*h = 5*f + 2*h + 87, -5*f - 89 = 4*h. Let m = u - f. What are the prime factors of m?
7
Let q be 93/(-6) - (-1)/2. Let m be (q/4)/((-2)/8). Let n = -11 + m. What are the prime factors of n?
2
Suppose 0 = 3*g - y - 18, -2*g + 5*y + 30 - 5 = 0. Suppose g*o - 15 = 5*v - v, -o - 5*v + 32 = 0. What are the prime factors of o?
7
Suppose 10*l - 6*l - 204 = 0. What are the prime factors of l?
3, 17
Suppose 4*a + 4*b + 56 = 0, 0 = 3*a - 2*a + 5*b + 26. Let d(j) = -j**3 - 11*j**2 - j + 13. List the prime factors of d(a).
2, 3
Suppose 1 = -2*l - 3*j, 5*l - 3*j - j - 32 = 0. List the prime factors of (-23)/4*(0 - l).
23
Let l(r) = r**3 - 5*r**2 - r + 6. Let b be l(5). Suppose 0 = -5*c + 3*z - 81, 4*z - 45 - 23 = 4*c. What are the prime factors of (c + b)*(-9)/18?
7
Let b = 370 - -41. List the prime factors of (-3)/12 + b/12.
2, 17
Let c(d) = d**2 - 8*d + 9. Let q be c(7). Suppose 0*f + q = -f. What are the prime factors of 2 + (2 - -1 - f)?
7
Suppose 8 = -5*w - 2. Let z = 4 - w. Suppose z = -2*c + 4*p + 28, 0 = 4*p. What are the prime factors of c?
11
Let l be 1/1 - 10/(-5). Suppose -4*b = -2*b + l*p + 11, 0 = -5*p - 25. List the prime factors of b.
2
Let g = 540 + -227. What are the prime factors of g?
313
Let w = 19 + -25. List the prime factors of ((-49)/21)/(1/w).
2, 7
Suppose 2*h = 5*t - 21, -t + h + 1 = -5. Suppose 0 = t*v - 108 - 27. List the prime factors of v.
3, 5
Let c = -19 + 21. Suppose c*g - 55 = -3*n, 2*n - 2*g - 38 = -3*g. List the prime factors of n.
3, 7
Let b be 0/(-1 + (1 - -1)). Suppose 4*f = -4*r + 76, 0*r - r + 4*f + 4 = b. Suppose 0*j - 4*j + r = 0. What are the prime factors of j?
2
Let o = 3 - 3. Let a be (2 + -1)*(5 - o). Suppose -a = -3*l + 1. What are the prime factors of l?
2
Let s = -2 - -7. Let n be ((-8)/s)/(3/(-105)). Suppose -11 = -j + 2*y, 5*j + 4*y - n + 15 = 0. What are the prime factors of j?
3
What are the prime factors of 16*(-579)/(-30) + (-1)/(-5)?
3, 103
Suppose -4 = v - 16. Suppose 3*g - v = 6*g. Let i(b) = -b**3 - 5*b**2 - 5*b + 2. List the prime factors of i(g).
2, 3
Suppose -q = -3*r - 13, 4*q + 3*r = 32 + 50. What are the prime factors of q?
19
Suppose -2*x + 104 + 30 = 3*j, 4*x + 128 = 3*j. What are the prime factors of j?
2, 11
Suppose -4*t - 20 = -60. Suppose -5*q + 0 = -t. Suppose -3*v + q = -4. What are the prime factors of v?
2
Let g be (2 - -1) + -1 - 0. Suppose -z - 3*f = -31, 0 = g*f - 6*f + 8. What are the prime factors of z?
5
Suppose 4*x = -3*q + 9, 3*x - 11 = 4*q + 2. Suppose -2*b = x*b - 20. What are the prime factors of b?
2
Let u be (136/(-6))/((-7)/(-21)). Let k = -48 - u. Let o = -10 + k. List the prime factors of o.
2, 5
Let m = 1 - -4. Suppose 0 = 5*v - 20 + m. Suppose v*r = 4*r - 15. List the prime factors of r.
3, 5
Let j(v) = -v**3 + 5*v**2 + 4*v - 8. Let k be j(6). Let a = k - -14. Let x(c) = -c**2 - 7*c + 2. What are the prime factors of x(a)?
2
Let y(q) = -2*q**2 - 3*q + 4. Let o(f) = f. Let b(z) = -4*o(z) - y(z). Let x be (-4)/(-22) - 35/11. What are the prime factors of b(x)?
17
What are the prime factors of 2/(6/15)*1?
5
Let w = -15 + 5. Let m = w - -6. Let o(i) = i**3 + 4*i**2 - 3*i - 6. What are the prime factors of o(m)?
2, 3
Let u(b) = -b**2 - 8*b + 7. List the prime factors of u(-7).
2, 7
What are the prime factors of ((-5)/(-15))/(2/312)?
2, 13
List the prime factors of (-2)/2*(-14 - -2).
2, 3
Let y be (-10)/3*(-78)/(-65). Let d(g) = 15*g. Let o(i) = 4*i. Let b(l) = -6*d(l) + 22*o(l). What are the prime factors of b(y)?
2
Let j = -2 - -4. Let s be -1*j - (2 - 1). Let u = s - -8. List the prime factors of u.
5
Let x(o) = -2*o. Suppose 0 = -4*u + 1 - 5. Let y be x(u). Suppose -y*m = m - 30. What are the prime factors of m?
2, 5
List the prime factors of 2/(-9) + (-11680)/(-72).
2, 3
Let w be 2/3*(-3)/1. Let i = w - -6. What are the prime factors of i?
2
Let o = 115 + -35. List the prime factors of o.
2, 5
Suppose 2*z + 18 = 3*m + 5, -6 = 3*z. Suppose 21 = m*c + 6, 2*f + 4*c + 8 = 0. Let q = -5 - f. What are the prime factors of q?
3
Let k = 75 - 42. Suppose 2*m - 161 = -5*i - m, i + m = k. List the prime factors of i.
31
Let m be (-6)/(-9)*3 - -1. Suppose m*o - 16 = -1. Suppose o*h - 44 = h. List the prime factors of h.
11
Suppose -c = -2*c + 2. Let z(g) = 2*g**3 - g**2 - g + 2. List the prime factors of z(c).
2, 3
Suppose 0*w + 269 = 3*t - 2*w, -t + 5*w = -107. List the prime factors of t.
3, 29
Let a = 4 - 6. Let k = 2 - a. Suppose k*w - 10 - 10 = 0. What are the prime factors of w?
5
Let o(w) = -4*w + 2*w**3 - 3 - w**2 - 4*w**3 - 2*w**2. Suppose 4*a + 10 = -a. What are the prime factors of o(a)?
3
Suppose 3*k + w - 4*w - 54 = 0, 0 = 2*k - w - 36. Suppose 0 = j + 2*j - k. Let p = j + 3. List the prime factors of p.
3
Let s = 7 - 2. Suppose 0*k + 2*k - 57 = s*c, -k + 12 = 3*c. List the prime factors of k.
3, 7
List the prime factors of (-12)/16*(-320)/24.
2, 5
Suppose 8*c - 3*c - 265 = 0. What are the prime factors of c?
53
Let l(j) = j**3 - 7*j**2 - 7*j + 1. Suppose o = -a - 1, 0 = 2*o - 0*o + 2. Suppose a = 5*z + 3*s - 43, 0 = z + z + s - 17. List the prime factors of l(z).
3
Let r = -7 - -54. What are the prime factors of r?
47
Let d be (-6)/10 + (-102)/5. Let b = 33 + d. What are the prime factors of b?
2, 3
Let d = 4 - 4. Let t be (d - (-3 + 4)) + 13. Suppose p = 2*s + t, -p + 25 = -5*s + 7. What are the prime factors of p?
2
Suppose 5*l - 50 = -4*r, l + 2*r - 10 = -0*l. Suppose 3*m = m + l. What are the prime factors of (-9)/(-2 + -1) + m?
2
Suppose -1 = 3*f - 16. Suppose f*k + 14 = 4*n, 2 = -3*k + 8. List the prime factors of n.
2, 3
Suppose -t = 106 - 299. What are the prime factors of t?
193
Let n be ((-2)/(-6))/(4/48). Suppose 3*m - w - 50 = n*w, 4*m + 2*w = 84. List the prime factors of m.
2, 5
Let n = 11 + 1. Let q be (n/(-15))/(2/(-40)). Let y = q + -5. List the prime factors of y.
11
Suppose 4*m = -75 + 23. Let t = m - -23. Suppose -t - 11 = -3*h. What are the prime factors of h?
7
List the prime factors of (-3)/1 - (-76)/2.
5, 7
Suppose 0 = -0*f + 4*f. Suppose -l - 2 = f, 3*o + 5*l = -o - 46. Let y(b) = -b**2 - 10*b + 5. List the prime factors of y(o).
2, 7
List the prime factors of 2/(-4) + 6800/32.
2, 53
Suppose 15*q = 11*q + 412. List the prime factors of q.
103
Let q = 0 + 2. Suppose -51 = -h - q*h. What are the prime factors of h?
17
Suppose p - 4*t - 12 = 5*p, -3*t - 11 = 2*p. Let l = 4 + p. Let a(s) = s**3 - 6*s**2 + 2*s - 3. List the prime factors of a(l).
3
Let c(f) = -f**2 + 18*f - 11. What are the prime factors of c(12)?
61
Suppose 0 = -4*r - r + 45. Let q = r + -9. Suppose q = -6*o + 3*o + 27. What are the prime factors of o?
3
Let k(p) = 9*p - 4. Suppose 5*b - 16 = b. Let g be k(b). Suppose 2*h = -2*i + g, 0*h + h = 4*i + 11. List the prime factors of h.
3, 5
List the prime factors of (6 - 4) + 78 + -2.
2, 3, 13
Let h = 21 - 15. Suppose -3*x = -3*s - 2*x - 7, 2*s = 2*x - h. What are the prime factors of (-1 + -2)*s/3?
2
Let v(p) = -p**2 + 10*p. Let l be v(10). Suppose -c + 5 + 7 = l. What are the prime factors of c?
2, 3
Suppose 10*j - 3 = 11*j. List the prime factors of 2*((-30)/(-4) - j).
3, 7
Let p be (-1)/(5/2 - 3). Suppose 2 + 16 = p*v. List the prime factors of v.
3
Let u(i) = -i**3 + 8*i**2 - 8*i + 7. Let h be u(7). Suppose y - 5*y + 8 = h. Suppose -3*d = -z - 18, 4*d - 24 = -y*z - 3*z. List the prime factors of d.
2, 3
List the prime factors of 0/3 - -23 - 1.
2, 11
Suppose -8 = -2*j + 14. Suppose 0 = -p + j + 6. What are the prime factors of p?
17
Let h = 9 + -9. Suppose 5*a + 3*w - 20 = 0, 2*w + 10 = -h*w. Let u = 19 - a. 